2)/((-2)/(-29)). Suppose s = -43*t + 53*t. What are the prime factors of t?
3, 5, 29
Let u be (-209)/(-57) + (-1)/(-3). Suppose 3*g - u*g - 5*i + 13 = 0, 5*i - 19 = -3*g. List the prime factors of g + 0/(-5) + 227.
2, 5, 23
Let o(n) = -45*n - 17. Let x be o(-4). Let w = 42 + x. Let z = w - 103. List the prime factors of z.
2, 3, 17
Let g = 47 - 47. Suppose k + 7*k - 3224 = g. Suppose 2*h - 92 = -4*f + 3*f, 4*f - k = -h. List the prime factors of f.
2, 3, 17
Suppose -3*w + 1357 = 175. Let k = -194 + w. What are the prime factors of k?
2, 5
Suppose 13*b - 656942 = 298506. List the prime factors of b.
2, 9187
Let t be 80/15 - 2/(-3). Let d be -3 + t - (1 + 0). Suppose -l + d*l - 65 = 0. List the prime factors of l.
5, 13
Let h = 457 - 259. Suppose b - 4*k = h, -697 = -4*b - k - 2*k. List the prime factors of b.
2, 89
Suppose 0*y + 78 = -6*y. Let j(w) = w**3 + 12*w**2 - 6*w + 11. Let c be j(y). Let i = c + 128. What are the prime factors of i?
2, 3
Let x(o) = -40*o**2 - 72*o**3 + 74*o**3 - 2 + 0*o + o - 9. Let w be x(20). Suppose w*i = 12*i - 285. What are the prime factors of i?
5, 19
Let t(l) = 106*l**3 + 4*l**2 + 21*l + 6. What are the prime factors of t(6)?
2, 3, 1931
List the prime factors of ((-480)/(-8))/15 + (-6344)/(-1).
2, 3, 23
Let j(r) = -r**3 + 13*r**2 + 13*r + 24. Suppose -10*v + 15*v + 3*i - 74 = 0, -v = 3*i - 22. List the prime factors of j(v).
193
Let k = 142 + -2. Let y be k/350 + (-1)/(-5)*3. List the prime factors of 2/(-3) + (y - 2696/(-12)).
3, 5
Let a be (1 - -1)*(4 - 6). Let z(x) be the third derivative of x**5/20 - x**4/12 - x**3/3 - x**2 - 29*x. What are the prime factors of z(a)?
2, 3
Let i be (-1)/(30/12) + 196/(-10). Let g = -46 + 111. Let b = g - i. What are the prime factors of b?
5, 17
Let u(t) = -22*t**3 - 2*t**2 - 46*t - 230. What are the prime factors of u(-9)?
2, 5, 11, 73
Let o(h) = 22*h - 462. List the prime factors of o(25).
2, 11
Suppose 8*m - 170 = 9*m. Let j = -108 - m. Let r = j + -29. List the prime factors of r.
3, 11
Let k(l) = -l**2 - 20*l + 29. Let o be k(14). What are the prime factors of 6*1/(-12)*(o - -1)?
223
Let n(u) = -10*u - 38. Let k be n(-8). Suppose k*s = 11*s + 15004. What are the prime factors of s?
2, 11
Let o(q) = 1. Let d(y) = 9*y**2 + 2*y + 15. Let h(a) = d(a) - 4*o(a). List the prime factors of h(5).
2, 3, 41
Suppose 0 = -4*q + 700 - 3380. Let s = -5 - q. List the prime factors of s.
5, 7, 19
Suppose -3*d - 7*g + 8*g = -54293, g - 4 = 0. List the prime factors of d.
3, 2011
Suppose -5*c - 11 - 6 = 2*t, 3*t + 3*c + 12 = 0. Let y be (t - 0)*-28 - -2. Let f = 16 + y. List the prime factors of f.
2, 23
Suppose -432 = -2*u - u. Let m = u - 293. Let p = -104 - m. What are the prime factors of p?
3, 5
Let n = 12731 - -1816. What are the prime factors of n?
3, 13, 373
Let b(q) = 2*q**3 + 84*q**2 - 5*q + 191. What are the prime factors of b(-25)?
2, 41, 263
Let m(q) = 360*q**2 - 61*q + 351. What are the prime factors of m(6)?
3, 5, 863
Let r = 190 + -151. Suppose -42*n = -39*n - r. List the prime factors of n.
13
Let i = 11596 - -4212. List the prime factors of i.
2, 13, 19
Let n = 17191 - -3847. List the prime factors of n.
2, 67, 157
What are the prime factors of (14/3)/(30/51210) + -1?
3, 5, 59
Let b = 401 - 369. What are the prime factors of (b/(-14))/(-4) - (-7538)/14?
7, 11
Suppose -3*z + 9*z + 12 = 0. List the prime factors of 13/((-195)/(-20))*(-519)/z.
2, 173
Suppose 556*c = 550*c + 252. List the prime factors of c/(-483) + 76226/46.
1657
Let h(c) = -c**3 + 15*c**2 + 2*c - 26. Let v be h(15). Suppose 0 = 4*p + 20, -7*l + v*p = -5*l - 126. Suppose -l = -3*o + 7. List the prime factors of o.
2, 5
Let l(a) = 5*a - 10. Let v(r) = -r + 1. Let q(f) = l(f) + 4*v(f). Let z be q(8). Suppose -136 - 33 = -2*h - y, -z*y - 264 = -3*h. List the prime factors of h.
2, 43
Suppose -n + 4*d = -4*n + 1789, 4*n = 5*d + 2406. Suppose v - n = -i, -i = -2*i + 2*v + 611. Suppose -2*a + i = 7*a. What are the prime factors of a?
67
Let q = 945 - -16520. What are the prime factors of q?
5, 7, 499
Suppose -g = 2*g + 96. Let u = -30 - g. List the prime factors of ((-486)/(-5 + u))/2.
3
Let h(s) = s**2 - 10*s - 21. Let r be h(12). Suppose 6 = r*l - 0*l, 2*l = 3*w - 1388. List the prime factors of w.
2, 29
Suppose 0 = -3*q + q - 3*g - 679, 5*q - 3*g + 1708 = 0. Let z = 98 - q. What are the prime factors of z?
439
Let u = -14046 - -20508. List the prime factors of u.
2, 3, 359
Let o be (-37266)/(-42) - (-14)/(-49). Suppose -565 - o = -4*n. List the prime factors of n.
3, 11
Let o be 3 - (-8)/((-48)/138). What are the prime factors of (-8)/(-6)*(-18735)/o?
1249
Let r(k) = 5347*k**2 - 177*k + 571. What are the prime factors of r(3)?
48163
Let l(i) = -33*i**3 - 7*i**2 - 5*i - 7. Let d be l(-2). Let o = -100 + d. What are the prime factors of o?
139
Let z be 256/26 + 4/26. Let i(r) be the first derivative of 3*r**2 + 20*r + 51. List the prime factors of i(z).
2, 5
Let k be -4 + -4*(3/(-3) + 0). Suppose -3*v = -2*l - 18 - 43, k = -2*v + 3*l + 34. List the prime factors of v.
23
Suppose 10 - 5 = -k. Let p = k - -16. Suppose -p*l = -6*l - 300. List the prime factors of l.
2, 3, 5
Let b(x) = x**3 - 8*x**2 - 14*x - 56. What are the prime factors of b(13)?
607
Suppose 0 = -2*p - 4, 14 = 5*d - 4*p - 9. Suppose -d*n + 4*n + 2013 = 0. What are the prime factors of n/22*(-8)/6?
2, 61
Suppose -22*y + 23*y - 172443 = -5*x, 0 = -x + y + 34485. List the prime factors of x.
2, 3, 479
Let g be 10/(3 + (-1 - 4)). Let i be ((-80)/(-50))/((-2)/g). Suppose 0 = -m + 2*m + 2*y - 114, 0 = -5*m + i*y + 626. List the prime factors of m.
2, 61
Suppose -4*u = -4*t - 548, -2*u - 5*t + 281 = -0*t. Suppose 0 = 3*x + 176 + 100. Let s = x + u. List the prime factors of s.
2, 23
Suppose 5*z = -u + 25386, -27*z + 76158 = 3*u - 24*z. What are the prime factors of u?
2, 3, 4231
Let f(m) = 3*m + 28. Let i(g) = -g. Let b(z) = f(z) + 2*i(z). Let k be b(-18). Suppose -11*v + k*v = -25. What are the prime factors of v?
5
Suppose -24 = -5*d - 9. Suppose -42 = d*t - 3. Let o(g) = g**2 + 12*g + 19. List the prime factors of o(t).
2
Let l(x) = x**3 - 5*x**2 - x + 5. Let o be l(5). Let n be -10*(-4)/24*6/5. Suppose o = -4*t + 8*t + 4, n*i - 213 = -5*t. List the prime factors of i.
109
Let v = -6 + 9. Let u = 1 + v. Suppose -2*h + 230 = 3*a, 4*a + 8*h - 312 = u*h. What are the prime factors of a?
2, 37
Let b = -212 - -176. Let q = b + 127. List the prime factors of q.
7, 13
Let r = -42 + -741. Let h = -208 - r. Suppose -5*l - k - 3*k = -539, -5*l = -5*k - h. List the prime factors of l.
3, 37
Suppose -4*v + 81*v = 711326. List the prime factors of v.
2, 31, 149
Suppose 4*i = -3*f + 411131 - 69528, -i = -5*f - 85372. What are the prime factors of i?
13, 6569
List the prime factors of ((-12 - -2139)/((-6)/4))/(-2).
709
Let j(x) = x**3 - 16*x**2 - 11*x - 30. Suppose 18 - 11 = u. Suppose 0 = -u*s + 134 - 15. List the prime factors of j(s).
2, 3
Suppose 44*k - 32 = 40*k. Let d(z) = -z**3 + 8*z**2 + z - 10. Let i be d(k). Let y = i - -20. List the prime factors of y.
2, 3
Suppose -3*w + 39760 - 5443 = 4*m, -w + 11458 = -5*m. What are the prime factors of w?
11443
Let d(p) = 2*p**3 - 9*p**2 + 13*p - 31. Let h(f) = 4*f**3 - 17*f**2 + 25*f - 64. Let k(j) = 5*d(j) - 2*h(j). List the prime factors of k(10).
3, 11, 31
Let n(t) = -6*t - 2. Let z be n(-6). Let x(q) = 42 + 3*q + z*q**2 + 19*q + q**3 - 11*q**2. What are the prime factors of x(-22)?
2, 3, 7
Let g = -63 - -65. Suppose 3*v + 4*o - 18 = -0*o, -g*v = 4*o - 16. Suppose -4*k + 9*k = 3*q + 955, 0 = -v*k - 3*q + 382. What are the prime factors of k?
191
Let y = 11701 - 6759. What are the prime factors of y?
2, 7, 353
Suppose 8*h + 10*h - 7576 = 32114. What are the prime factors of h?
3, 5, 7
Let h(l) = -9*l - 22. Let c be -1 + 10/(5 - 3). Suppose 6*m + 31 = -c*y + 3*m, -m + 33 = -3*y. List the prime factors of h(y).
2, 17
Suppose 0 = -23*w + 4*w + 51129. Let a = w + -1652. List the prime factors of a.
1039
Let j = -206 - -396. Let q = j - 2. List the prime factors of q.
2, 47
Suppose -42 = -13*k + 361. Let s = k - 27. Suppose -288 = -s*c + 184. What are the prime factors of c?
2, 59
Let z be (2 + 20/15)/((-10)/(-90)). Suppose -36*v + 1488 = -z*v. What are the prime factors of v?
2, 31
Let h(t) = 9*t**2 + 3*t + 5. Let 